{"id":182,"date":"2017-07-06T15:44:24","date_gmt":"2017-07-06T13:44:24","guid":{"rendered":"http:\/\/elektro-start.pl\/?page_id=182"},"modified":"2023-04-30T07:36:57","modified_gmt":"2023-04-30T05:36:57","slug":"zakres","status":"publish","type":"page","link":"https:\/\/elektro-start.pl\/?page_id=182","title":{"rendered":"Zakres us\u0142ug"},"content":{"rendered":"<div class=\"wpb-content-wrapper\"><p>[vc_row][vc_column]<div  id=\"sc_promo_1033831212\" \n\tclass=\"sc_promo color_style_default sc_promo_default sc_promo_size_normal sc_promo_no_paddings sc_promo_image_position_left\"><div class=\"sc_promo_image\" style=\"background-image:url(https:\/\/elektro-start.pl\/wp-content\/uploads\/2017\/07\/img_promo1.jpg);width:50%;left: 0;\"><\/div><div class=\"sc_promo_text\" style=\"width: 50%;float: right;\">\n\t\t\t<div class=\"sc_promo_text_inner sc_content_width_50%\" style=\"\"><h6 class=\"sc_item_subtitle sc_promo_subtitle sc_align_left sc_item_title_style_default\">24\/7<\/h6><h1 class=\"sc_item_title sc_promo_title sc_align_left sc_item_title_style_default sc_item_title_tag\">POGOTOWIE ELEKTRYCZNE W WARSZAWIE<\/h1><div class=\"sc_item_descr sc_promo_descr sc_align_left\"><p>Wystarczy zadzwoni\u0107 o dowolnej porze na numer: <a href=\"tel:+48732678462\">+48 732 678 462<\/a><br \/>\nDy\u017curny elektryk przyjmie zg\u0142oszenie i dotrze do Ciebie w mo\u017cliwie najkr\u00f3tszym terminie.<br \/>\nElektryk zdiagnozuje problem i dokona naprawy.<br \/>\nDokonasz weryfikacji usuni\u0119cia usterki i podsumujemy wsp\u00f3\u0142prac\u0119.<\/p>\n<\/div><div class=\"sc_item_button sc_button_wrap sc_align_left\"><a href=\"\/?page_id=143\/\" id=\"sc_button_1163423177\" class=\"sc_button color_style_default sc_button_default sc_item_button sc_item_button_default sc_promo_button sc_button_size_normal sc_button_icon_left\"><span class=\"sc_button_text\"><span class=\"sc_button_title\">Skontaktuj si\u0119 z Nami<\/span><\/span><!-- \/.sc_button_text --><\/a><!-- \/.sc_button --><\/div><!-- \/.sc_item_button --><\/div>\n\t\t<\/div><!-- \/.sc_promo_text --><\/div><!-- \/.sc_promo -->[vc_empty_space alter_height=&#8221;large&#8221; hide_on_desktop=&#8221;&#8221; hide_on_notebook=&#8221;&#8221; hide_on_tablet=&#8221;&#8221; hide_on_mobile=&#8221;&#8221; css=&#8221;.vc_custom_1504109698536{margin-top: 1.6rem !important;}&#8221;][\/vc_column][\/vc_row][vc_row full_width=&#8221;stretch_row&#8221; css=&#8221;.vc_custom_1499355578003{background-color: #f6f6f6 !important;}&#8221;][vc_column width=&#8221;1\/2&#8243; offset=&#8221;vc_col-sm-offset-3&#8243;][vc_empty_space alter_height=&#8221;huge&#8221; hide_on_desktop=&#8221;&#8221; hide_on_notebook=&#8221;&#8221; hide_on_tablet=&#8221;&#8221; hide_on_mobile=&#8221;&#8221; css=&#8221;.vc_custom_1504162374168{margin-top: -0.25rem !important;}&#8221;]<div id=\"sc_title_2118150836\"\n\t\tclass=\"sc_title color_style_default sc_title_default\"><h6 class=\"sc_item_subtitle sc_title_subtitle sc_align_center sc_item_title_style_default\">Czym si\u0119 zajmujemy<\/h6><h3 class=\"sc_item_title sc_title_title sc_align_center sc_item_title_style_default\">ZAKRES US\u0141UG<\/h3><\/div><!-- \/.sc_title -->[vc_empty_space alter_height=&#8221;medium&#8221; hide_on_desktop=&#8221;&#8221; hide_on_notebook=&#8221;&#8221; hide_on_tablet=&#8221;&#8221; hide_on_mobile=&#8221;&#8221; css=&#8221;.vc_custom_1504163214664{margin-top: 0.15rem !important;}&#8221;][\/vc_column][vc_column]<div id=\"sc_services_1348294191\" class=\"sc_services color_style_default sc_services_light sc_services_featured_left\"><div class=\"sc_services_columns_wrap sc_item_columns sc_item_columns_3 trx_addons_columns_wrap columns_padding_bottom\"><div class=\"trx_addons_column-1_3\"><div class=\"sc_services_item with_content with_icon sc_services_item_featured_left\">\n\t\t\n\t<div class=\"sc_services_item_info\">\n\t\t<div class=\"sc_services_item_header\">\n\t\t\t\t\t\t<h6 class=\"sc_services_item_title\"><a href=\"https:\/\/elektro-start.pl\/?cpt_services=electrical-wiring-and-re-wiring-experts\">O\u015bwiadczenia o stanie instalacji<\/a><\/h6>\n\t\t\t<div class=\"sc_services_item_subtitle\"><a href=\"https:\/\/elektro-start.pl\/?cpt_services_group=commercial-services\" title=\"View all posts in Commercial Services\">Commercial Services<\/a><\/div>\t\t<\/div>\n\t\t\t<\/div>\n<\/div>\n<\/div><div class=\"trx_addons_column-1_3\"><div class=\"sc_services_item with_content with_icon sc_services_item_featured_left\">\n\t\t\n\t<div class=\"sc_services_item_info\">\n\t\t<div class=\"sc_services_item_header\">\n\t\t\t\t\t\t<h6 class=\"sc_services_item_title\"><a href=\"https:\/\/elektro-start.pl\/?cpt_services=whole-house-generator-installation-maintenance\">Przy\u0142\u0105czenia nowych obiekt\u00f3w do sieci<\/a><\/h6>\n\t\t\t<div class=\"sc_services_item_subtitle\"><a href=\"https:\/\/elektro-start.pl\/?cpt_services_group=commercial-services\" title=\"View all posts in Commercial Services\">Commercial Services<\/a><\/div>\t\t<\/div>\n\t\t\t<\/div>\n<\/div>\n<\/div><div class=\"trx_addons_column-1_3\"><div class=\"sc_services_item with_content with_icon sc_services_item_featured_left\">\n\t\t\n\t<div class=\"sc_services_item_info\">\n\t\t<div class=\"sc_services_item_header\">\n\t\t\t\t\t\t<h6 class=\"sc_services_item_title\"><a href=\"https:\/\/elektro-start.pl\/?cpt_services=commercial-industrial-services\">Instalacje odgromowe i przeciwprzepi\u0119ciowe<\/a><\/h6>\n\t\t\t<div class=\"sc_services_item_subtitle\"><a href=\"https:\/\/elektro-start.pl\/?cpt_services_group=commercial-services\" title=\"View all posts in Commercial Services\">Commercial Services<\/a><\/div>\t\t<\/div>\n\t\t\t<\/div>\n<\/div>\n<\/div><div class=\"trx_addons_column-1_3\"><div class=\"sc_services_item with_content with_icon sc_services_item_featured_left\">\n\t<a href=\"https:\/\/elektro-start.pl\/?cpt_services=electrical-installation\"\n\t\t\t id=\"sc_services_1348294191_icon-untitled-10\"\n\t\t\t class=\"sc_services_item_icon icon-untitled-10\"><\/a>\t\n\t<div class=\"sc_services_item_info\">\n\t\t<div class=\"sc_services_item_header\">\n\t\t\t\t\t\t<h6 class=\"sc_services_item_title\"><a href=\"https:\/\/elektro-start.pl\/?cpt_services=electrical-installation\">Wykonywanie instalacji o\u015bwietlenia wewn\u0119trznego i zewn\u0119trznego<\/a><\/h6>\n\t\t\t<div class=\"sc_services_item_subtitle\"><a href=\"https:\/\/elektro-start.pl\/?cpt_services_group=commercial-services\" title=\"View all posts in Commercial Services\">Commercial Services<\/a><\/div>\t\t<\/div>\n\t\t\t<\/div>\n<\/div>\n<\/div><div class=\"trx_addons_column-1_3\"><div class=\"sc_services_item with_content with_icon sc_services_item_featured_left\">\n\t<a href=\"https:\/\/elektro-start.pl\/?cpt_services=lighting\"\n\t\t\t id=\"sc_services_1348294191_icon-untitled-10\"\n\t\t\t class=\"sc_services_item_icon icon-untitled-10\"><\/a>\t\n\t<div class=\"sc_services_item_info\">\n\t\t<div class=\"sc_services_item_header\">\n\t\t\t\t\t\t<h6 class=\"sc_services_item_title\"><a href=\"https:\/\/elektro-start.pl\/?cpt_services=lighting\">Instalacje domofonowe i videodomofonowe<\/a><\/h6>\n\t\t\t<div class=\"sc_services_item_subtitle\"><a href=\"https:\/\/elektro-start.pl\/?cpt_services_group=commercial-services\" title=\"View all posts in Commercial Services\">Commercial Services<\/a><\/div>\t\t<\/div>\n\t\t\t<\/div>\n<\/div>\n<\/div><div class=\"trx_addons_column-1_3\"><div class=\"sc_services_item with_content with_icon sc_services_item_featured_left\">\n\t<a href=\"https:\/\/elektro-start.pl\/?cpt_services=addition-renovation-wiring\"\n\t\t\t id=\"sc_services_1348294191_icon-untitled-10\"\n\t\t\t class=\"sc_services_item_icon icon-untitled-10\"><\/a>\t\n\t<div class=\"sc_services_item_info\">\n\t\t<div class=\"sc_services_item_header\">\n\t\t\t\t\t\t<h6 class=\"sc_services_item_title\"><a href=\"https:\/\/elektro-start.pl\/?cpt_services=addition-renovation-wiring\">Monta\u017c r\u00f3\u017cnego typu rozdzielnic zasilaj\u0105cych<\/a><\/h6>\n\t\t\t<div class=\"sc_services_item_subtitle\"><a href=\"https:\/\/elektro-start.pl\/?cpt_services_group=commercial-services\" title=\"View all posts in Commercial Services\">Commercial Services<\/a><\/div>\t\t<\/div>\n\t\t\t<\/div>\n<\/div>\n<\/div><div class=\"trx_addons_column-1_3\"><div class=\"sc_services_item with_content with_icon sc_services_item_featured_left\">\n\t<a href=\"https:\/\/elektro-start.pl\/?cpt_services=home-generators\"\n\t\t\t id=\"sc_services_1348294191_icon-untitled-10\"\n\t\t\t class=\"sc_services_item_icon icon-untitled-10\"><\/a>\t\n\t<div class=\"sc_services_item_info\">\n\t\t<div class=\"sc_services_item_header\">\n\t\t\t\t\t\t<h6 class=\"sc_services_item_title\"><a href=\"https:\/\/elektro-start.pl\/?cpt_services=home-generators\">Naprawa reklam \u015bwietlnych (kasetony, plafony etc)<\/a><\/h6>\n\t\t\t<div class=\"sc_services_item_subtitle\"><a href=\"https:\/\/elektro-start.pl\/?cpt_services_group=commercial-services\" title=\"View all posts in Commercial Services\">Commercial Services<\/a><\/div>\t\t<\/div>\n\t\t\t<\/div>\n<\/div>\n<\/div><div class=\"trx_addons_column-1_3\"><div class=\"sc_services_item with_content with_icon sc_services_item_featured_left\">\n\t<a href=\"https:\/\/elektro-start.pl\/?cpt_services=electrical-repairs\"\n\t\t\t id=\"sc_services_1348294191_icon-untitled-10\"\n\t\t\t class=\"sc_services_item_icon icon-untitled-10\"><\/a>\t\n\t<div class=\"sc_services_item_info\">\n\t\t<div class=\"sc_services_item_header\">\n\t\t\t\t\t\t<h6 class=\"sc_services_item_title\"><a href=\"https:\/\/elektro-start.pl\/?cpt_services=electrical-repairs\">Pod\u0142\u0105czanie kuchni elektrycznych<\/a><\/h6>\n\t\t\t<div class=\"sc_services_item_subtitle\"><a href=\"https:\/\/elektro-start.pl\/?cpt_services_group=commercial-services\" title=\"View all posts in Commercial Services\">Commercial Services<\/a><\/div>\t\t<\/div>\n\t\t\t<\/div>\n<\/div>\n<\/div><div class=\"trx_addons_column-1_3\"><div class=\"sc_services_item with_content with_icon sc_services_item_featured_left\">\n\t<a href=\"https:\/\/elektro-start.pl\/?cpt_services=new-system-installations\"\n\t\t\t id=\"sc_services_1348294191_icon-untitled-10\"\n\t\t\t class=\"sc_services_item_icon icon-untitled-10\"><\/a>\t\n\t<div class=\"sc_services_item_info\">\n\t\t<div class=\"sc_services_item_header\">\n\t\t\t\t\t\t<h6 class=\"sc_services_item_title\"><a href=\"https:\/\/elektro-start.pl\/?cpt_services=new-system-installations\">Remonty oraz naprawa instalacji i urz\u0105dze\u0144 elektrycznych<\/a><\/h6>\n\t\t\t<div class=\"sc_services_item_subtitle\"><a href=\"https:\/\/elektro-start.pl\/?cpt_services_group=commercial-services\" title=\"View all posts in Commercial Services\">Commercial Services<\/a><\/div>\t\t<\/div>\n\t\t\t<\/div>\n<\/div>\n<\/div><div class=\"trx_addons_column-1_3\"><div class=\"sc_services_item with_content with_icon sc_services_item_featured_left\">\n\t<a href=\"https:\/\/elektro-start.pl\/?cpt_services=upgradesretrofitting\"\n\t\t\t id=\"sc_services_1348294191_icon-untitled-10\"\n\t\t\t class=\"sc_services_item_icon icon-untitled-10\"><\/a>\t\n\t<div class=\"sc_services_item_info\">\n\t\t<div class=\"sc_services_item_header\">\n\t\t\t\t\t\t<h6 class=\"sc_services_item_title\"><a href=\"https:\/\/elektro-start.pl\/?cpt_services=upgradesretrofitting\">Systemy alarmowe i monitoring<\/a><\/h6>\n\t\t\t<div class=\"sc_services_item_subtitle\"><a href=\"https:\/\/elektro-start.pl\/?cpt_services_group=commercial-services\" title=\"View all posts in Commercial Services\">Commercial Services<\/a><\/div>\t\t<\/div>\n\t\t\t<\/div>\n<\/div>\n<\/div><div class=\"trx_addons_column-1_3\"><div class=\"sc_services_item with_content with_icon sc_services_item_featured_left\">\n\t<a href=\"https:\/\/elektro-start.pl\/?cpt_services=power-quality-design\"\n\t\t\t id=\"sc_services_1348294191_icon-untitled-10\"\n\t\t\t class=\"sc_services_item_icon icon-untitled-10\"><\/a>\t\n\t<div class=\"sc_services_item_info\">\n\t\t<div class=\"sc_services_item_header\">\n\t\t\t\t\t\t<h6 class=\"sc_services_item_title\"><a href=\"https:\/\/elektro-start.pl\/?cpt_services=power-quality-design\">Zmiana przydzia\u0142u mocy<\/a><\/h6>\n\t\t\t<div class=\"sc_services_item_subtitle\"><a href=\"https:\/\/elektro-start.pl\/?cpt_services_group=commercial-services\" title=\"View all posts in Commercial Services\">Commercial Services<\/a><\/div>\t\t<\/div>\n\t\t\t<\/div>\n<\/div>\n<\/div><div class=\"trx_addons_column-1_3\"><div class=\"sc_services_item with_content with_icon sc_services_item_featured_left\">\n\t<a href=\"https:\/\/elektro-start.pl\/?cpt_services=data-system-wiring\"\n\t\t\t id=\"sc_services_1348294191_icon-untitled-10\"\n\t\t\t class=\"sc_services_item_icon icon-untitled-10\"><\/a>\t\n\t<div class=\"sc_services_item_info\">\n\t\t<div class=\"sc_services_item_header\">\n\t\t\t\t\t\t<h6 class=\"sc_services_item_title\"><a href=\"https:\/\/elektro-start.pl\/?cpt_services=data-system-wiring\">Monta\u017c instalacji antenowych rtv i sat<\/a><\/h6>\n\t\t\t<div class=\"sc_services_item_subtitle\"><a href=\"https:\/\/elektro-start.pl\/?cpt_services_group=commercial-services\" title=\"View all posts in Commercial Services\">Commercial Services<\/a><\/div>\t\t<\/div>\n\t\t\t<\/div>\n<\/div>\n<\/div><div class=\"trx_addons_column-1_3\"><div class=\"sc_services_item with_content with_icon sc_services_item_featured_left\">\n\t<a href=\"https:\/\/elektro-start.pl\/?cpt_services=lightningsurge-protection\"\n\t\t\t id=\"sc_services_1348294191_icon-untitled-10\"\n\t\t\t class=\"sc_services_item_icon icon-untitled-10\"><\/a>\t\n\t<div class=\"sc_services_item_info\">\n\t\t<div class=\"sc_services_item_header\">\n\t\t\t\t\t\t<h6 class=\"sc_services_item_title\"><a href=\"https:\/\/elektro-start.pl\/?cpt_services=lightningsurge-protection\">Wymiana WLZ-\u00f3w<\/a><\/h6>\n\t\t\t<div class=\"sc_services_item_subtitle\"><a href=\"https:\/\/elektro-start.pl\/?cpt_services_group=commercial-services\" title=\"View all posts in Commercial Services\">Commercial Services<\/a><\/div>\t\t<\/div>\n\t\t\t<\/div>\n<\/div>\n<\/div><div class=\"trx_addons_column-1_3\"><div class=\"sc_services_item with_content with_icon sc_services_item_featured_left\">\n\t<a href=\"https:\/\/elektro-start.pl\/?cpt_services=parking-lot-sign-lighting\"\n\t\t\t id=\"sc_services_1348294191_icon-untitled-10\"\n\t\t\t class=\"sc_services_item_icon icon-untitled-10\"><\/a>\t\n\t<div class=\"sc_services_item_info\">\n\t\t<div class=\"sc_services_item_header\">\n\t\t\t\t\t\t<h6 class=\"sc_services_item_title\"><a href=\"https:\/\/elektro-start.pl\/?cpt_services=parking-lot-sign-lighting\">Pomiary elektryczne odbiorcze i okresowe<\/a><\/h6>\n\t\t\t<div class=\"sc_services_item_subtitle\"><a href=\"https:\/\/elektro-start.pl\/?cpt_services_group=commercial-services\" title=\"View all posts in Commercial Services\">Commercial Services<\/a><\/div>\t\t<\/div>\n\t\t\t<\/div>\n<\/div>\n<\/div><div class=\"trx_addons_column-1_3\"><div class=\"sc_services_item with_content with_icon sc_services_item_featured_left\">\n\t<a href=\"https:\/\/elektro-start.pl\/?cpt_services=generator-ups-systems\"\n\t\t\t id=\"sc_services_1348294191_icon-untitled-10\"\n\t\t\t class=\"sc_services_item_icon icon-untitled-10\"><\/a>\t\n\t<div class=\"sc_services_item_info\">\n\t\t<div class=\"sc_services_item_header\">\n\t\t\t\t\t\t<h6 class=\"sc_services_item_title\"><a href=\"https:\/\/elektro-start.pl\/?cpt_services=generator-ups-systems\">O\u015bwietlenie Led<\/a><\/h6>\n\t\t\t<div class=\"sc_services_item_subtitle\"><a href=\"https:\/\/elektro-start.pl\/?cpt_services_group=commercial-services\" title=\"View all posts in Commercial Services\">Commercial Services<\/a><\/div>\t\t<\/div>\n\t\t\t<\/div>\n<\/div>\n<\/div><div class=\"trx_addons_column-1_3\"><div class=\"sc_services_item with_content with_icon sc_services_item_featured_left\">\n\t<a href=\"https:\/\/elektro-start.pl\/?cpt_services=inspections-testing\"\n\t\t\t id=\"sc_services_1348294191_icon-untitled-10\"\n\t\t\t class=\"sc_services_item_icon icon-untitled-10\"><\/a>\t\n\t<div class=\"sc_services_item_info\">\n\t\t<div class=\"sc_services_item_header\">\n\t\t\t\t\t\t<h6 class=\"sc_services_item_title\"><a href=\"https:\/\/elektro-start.pl\/?cpt_services=inspections-testing\">Eksploatacja i konserwacja instalacji elektrycznych<\/a><\/h6>\n\t\t\t<div class=\"sc_services_item_subtitle\"><a href=\"https:\/\/elektro-start.pl\/?cpt_services_group=commercial-services\" title=\"View all posts in Commercial Services\">Commercial Services<\/a><\/div>\t\t<\/div>\n\t\t\t<\/div>\n<\/div>\n<\/div><div class=\"trx_addons_column-1_3\"><div class=\"sc_services_item with_content with_icon sc_services_item_featured_left\">\n\t<a href=\"https:\/\/elektro-start.pl\/?cpt_services=equipment-repairs\"\n\t\t\t id=\"sc_services_1348294191_icon-untitled-10\"\n\t\t\t class=\"sc_services_item_icon icon-untitled-10\"><\/a>\t\n\t<div class=\"sc_services_item_info\">\n\t\t<div class=\"sc_services_item_header\">\n\t\t\t\t\t\t<h6 class=\"sc_services_item_title\"><a href=\"https:\/\/elektro-start.pl\/?cpt_services=equipment-repairs\">Monta\u017c osprz\u0119tu, urz\u0105dze\u0144 elektrycznych<\/a><\/h6>\n\t\t\t<div class=\"sc_services_item_subtitle\"><a href=\"https:\/\/elektro-start.pl\/?cpt_services_group=commercial-services\" title=\"View all posts in Commercial Services\">Commercial Services<\/a><\/div>\t\t<\/div>\n\t\t\t<\/div>\n<\/div>\n<\/div><\/div><\/div><!-- \/.sc_services -->[vc_empty_space alter_height=&#8221;medium&#8221; hide_on_desktop=&#8221;&#8221; hide_on_notebook=&#8221;&#8221; hide_on_tablet=&#8221;&#8221; hide_on_mobile=&#8221;&#8221; css=&#8221;.vc_custom_1504163583550{margin-top: 1.4rem !important;}&#8221;][\/vc_column][\/vc_row][vc_row][vc_column][vc_empty_space alter_height=&#8221;huge&#8221; hide_on_desktop=&#8221;&#8221; hide_on_notebook=&#8221;&#8221; hide_on_tablet=&#8221;&#8221; hide_on_mobile=&#8221;&#8221;]<div  id=\"sc_promo_1189301064\" \n\tclass=\"sc_promo color_style_default sc_promo_default sc_promo_size_normal sc_promo_no_paddings sc_promo_image_position_right\"><div class=\"sc_promo_image\" style=\"background-image:url(https:\/\/elektro-start.pl\/wp-content\/uploads\/2017\/07\/img_promo2.jpg);width:50%;right: 0;\"><\/div><div class=\"sc_promo_text\" style=\"width: 50%;float: left;\">\n\t\t\t<div class=\"sc_promo_text_inner sc_content_width_50%\" style=\"\"><h6 class=\"sc_item_subtitle sc_promo_subtitle sc_align_left sc_item_title_style_default\">Pomoc 24\/7<\/h6><h1 class=\"sc_item_title sc_promo_title sc_align_left sc_item_title_style_default sc_item_title_tag\">Pogotowie elektryczne Warszawa<\/h1><div class=\"sc_item_descr sc_promo_descr sc_align_left\"><p>Potrzebujesz pomocy elektryka ? Zadzwo\u0144 <a href=\"tel:+48732678462\">+48 732 678 462<\/a><\/p>\n<\/div><\/div>\n\t\t<\/div><!-- \/.sc_promo_text --><\/div><!-- \/.sc_promo -->[vc_empty_space hide_on_desktop=&#8221;&#8221; hide_on_notebook=&#8221;&#8221; hide_on_tablet=&#8221;&#8221; hide_on_mobile=&#8221;&#8221; css=&#8221;.vc_custom_1504164115480{margin-top: -0.6rem !important;}&#8221;][\/vc_column][\/vc_row]<\/p>\n<\/div>","protected":false},"excerpt":{"rendered":"<p>[vc_row][vc_column][vc_empty_space alter_height=&#8221;large&#8221; hide_on_desktop=&#8221;&#8221; hide_on_notebook=&#8221;&#8221; hide_on_tablet=&#8221;&#8221; hide_on_mobile=&#8221;&#8221; css=&#8221;.vc_custom_1504109698536{margin-top: 1.6rem !important;}&#8221;][\/vc_column][\/vc_row][vc_row full_width=&#8221;stretch_row&#8221; css=&#8221;.vc_custom_1499355578003{background-color: #f6f6f6 !important;}&#8221;][vc_column width=&#8221;1\/2&#8243; offset=&#8221;vc_col-sm-offset-3&#8243;][vc_empty_space alter_height=&#8221;huge&#8221; hide_on_desktop=&#8221;&#8221; hide_on_notebook=&#8221;&#8221; hide_on_tablet=&#8221;&#8221; hide_on_mobile=&#8221;&#8221; css=&#8221;.vc_custom_1504162374168{margin-top: -0.25rem !important;}&#8221;][vc_empty_space alter_height=&#8221;medium&#8221; hide_on_desktop=&#8221;&#8221; hide_on_notebook=&#8221;&#8221; hide_on_tablet=&#8221;&#8221; hide_on_mobile=&#8221;&#8221; css=&#8221;.vc_custom_1504163214664{margin-top: 0.15rem !important;}&#8221;][\/vc_column][vc_column][vc_empty_space alter_height=&#8221;medium&#8221; hide_on_desktop=&#8221;&#8221; hide_on_notebook=&#8221;&#8221; hide_on_tablet=&#8221;&#8221; hide_on_mobile=&#8221;&#8221; css=&#8221;.vc_custom_1504163583550{margin-top: 1.4rem !important;}&#8221;][\/vc_column][\/vc_row][vc_row][vc_column][vc_empty_space alter_height=&#8221;huge&#8221; hide_on_desktop=&#8221;&#8221; hide_on_notebook=&#8221;&#8221; hide_on_tablet=&#8221;&#8221; hide_on_mobile=&#8221;&#8221;][vc_empty_space hide_on_desktop=&#8221;&#8221; hide_on_notebook=&#8221;&#8221; hide_on_tablet=&#8221;&#8221; hide_on_mobile=&#8221;&#8221; css=&#8221;.vc_custom_1504164115480{margin-top: -0.6rem !important;}&#8221;][\/vc_column][\/vc_row]<\/p>\n","protected":false},"author":1,"featured_media":0,"parent":0,"menu_order":0,"comment_status":"closed","ping_status":"closed","template":"","meta":{"footnotes":""},"class_list":["post-182","page","type-page","status-publish","hentry"],"_links":{"self":[{"href":"https:\/\/elektro-start.pl\/index.php?rest_route=\/wp\/v2\/pages\/182","targetHints":{"allow":["GET"]}}],"collection":[{"href":"https:\/\/elektro-start.pl\/index.php?rest_route=\/wp\/v2\/pages"}],"about":[{"href":"https:\/\/elektro-start.pl\/index.php?rest_route=\/wp\/v2\/types\/page"}],"author":[{"embeddable":true,"href":"https:\/\/elektro-start.pl\/index.php?rest_route=\/wp\/v2\/users\/1"}],"replies":[{"embeddable":true,"href":"https:\/\/elektro-start.pl\/index.php?rest_route=%2Fwp%2Fv2%2Fcomments&post=182"}],"version-history":[{"count":17,"href":"https:\/\/elektro-start.pl\/index.php?rest_route=\/wp\/v2\/pages\/182\/revisions"}],"predecessor-version":[{"id":846,"href":"https:\/\/elektro-start.pl\/index.php?rest_route=\/wp\/v2\/pages\/182\/revisions\/846"}],"wp:attachment":[{"href":"https:\/\/elektro-start.pl\/index.php?rest_route=%2Fwp%2Fv2%2Fmedia&parent=182"}],"curies":[{"name":"wp","href":"https:\/\/api.w.org\/{rel}","templated":true}]}}